 = k**3 + 5*k**2 + 4*k + 4. Suppose 12 = -5*m + 2*m. Let l be z(m). Suppose -l*n = 12, -2*r + 3*r = -2*n + 1109. Is r composite?
True
Let g(f) = f**3 - 3*f**2 + 3*f - 31838. Let v be g(0). Let u = -15165 - v. Is u prime?
True
Suppose 2*v + 2*w = 124668, 12*w + 1246600 = 20*v + 16*w. Is v a prime number?
False
Let y(z) = 2147*z + 274. Is y(21) composite?
False
Let y(z) = 3*z**2 + 43*z + 269. Let c be y(-6). Suppose q - 1063 = -2*k, 4*q - 2*k - 4331 + c = 0. Is q prime?
False
Let w = 344192 + 30311. Is w a prime number?
False
Let m(s) be the third derivative of -15*s**4/8 - 131*s**3/6 + 2*s**2 - 50*s. Is m(-18) a prime number?
False
Suppose -8888*c - 5555980 = -8908*c. Is c a prime number?
False
Suppose 23*l - 1389784 - 11960288 = -l. Is l prime?
True
Is 2*(1 - -3)/52 - (-6695110)/130 a composite number?
True
Let i = 11977 + -5760. Is i a prime number?
True
Is ((-24)/(-36)*-1)/(1072509/(-1072503) + 1) a composite number?
True
Suppose 0*g = -4*w - 5*g + 1, 9 = -3*g. Is 496 + 5 + w + -3 a composite number?
True
Let u(g) = 3*g**3 - 4*g**2 + 2*g + 4. Let s(c) = 9*c**3 - 12*c**2 + 6*c + 13. Let v(r) = 6*s(r) - 17*u(r). Let j be v(5). Is j*(4 + 1 + -4) a composite number?
True
Is (9/(-6) + 1)/((-66)/7298412) prime?
True
Is 5/((-10)/(-3))*(-1794270)/(-45) composite?
False
Let c(v) = 26139*v**2 + 18*v - 4. Is c(1) prime?
True
Let y be -86 + -3*(0 + -6 - -4). Let d(f) = 24*f - 9. Let a be d(6). Let v = a + y. Is v a composite number?
True
Suppose -2*l + 726776 = 2*t, -33*l - 2*t = -30*l - 1090167. Is l composite?
True
Let g(m) = 1665*m - 21. Let h = -107 - -113. Is g(h) a composite number?
True
Suppose 0 = 14*z + 41524 - 222026. Is z a prime number?
True
Is 18/(-3) - (-5 + -134855 + 3) prime?
True
Suppose -4*n - 40711 = -5*v - 189293, -n = -v - 37145. Suppose -r + n = 4*d, 5*r - 4507 = 4*d + 181088. Is r a composite number?
False
Suppose 1242*q - 222393 = 1239*q. Is q composite?
False
Suppose 3*m = 3*c + 39, -5*c - 8 = -3. Let o(v) be the second derivative of -v**5/20 + 17*v**4/12 + 2*v**3 + 15*v**2/2 + 4*v. Is o(m) a composite number?
True
Suppose -3*x - 6 = 4*m, -2 = 5*x + 3*m + 8. Is x*(-412)/40*(0 + 5) a prime number?
True
Let s be -2*(18/(-12) - 2/(-4)). Suppose 18542 = 4*q - 3*j, -3*q + 13913 = -s*j + 3*j. Is q composite?
False
Suppose 4*j - 23 = 2*j + 5*h, -3*j - 3 = 5*h. Is 4419/(-45)*(-20)/j a prime number?
True
Suppose -24*d - 7264 = -16*d. Let s = d + 2565. Is s composite?
False
Is 5/(-15*5/(-536385)) prime?
True
Suppose 5*t + 5 = -0. Let m(x) = -6*x**3 - 3*x**2 + x + 2. Let k be m(t). Suppose -4521 = -k*c - 901. Is c prime?
False
Let j(c) = 11 - 12*c - 20*c**2 - c**3 + 0 - 21*c - 9*c. Is j(-18) composite?
True
Let q = -26795 + 48482. Suppose -4*s - 3*u + 65992 = 0, -u = 3*s - 27802 - q. Is s prime?
False
Let x(o) = -o**3 - 4*o**2 - 5*o - 7. Let m be x(-3). Let i be m/((-27)/(-6)) - 87/(-27). Is (2*3/18)/(i/22905) composite?
True
Let f(m) = 0*m + 3*m + 93 - 52 - 5*m. Let s be f(20). Is (s/3)/((-5)/(-2985)) a composite number?
False
Let i(h) = -4*h + 32. Let w be i(8). Let m be (4 - (w - 556)) + 3. Is m/(1 - 3 - -3) a composite number?
False
Let h be 560/(-55) - (-4)/66*3. Let q be 1*8*h/4. Is (-10)/q*1*2 + 330 a prime number?
True
Suppose -453 = -2*g + 659. Suppose 3*w = -u + 7, 0 = 4*u - 0*u - 4. Suppose j - 632 = -w*r, 1027 = 5*r + j - g. Is r a prime number?
True
Let d(p) = 57*p**2 - 28*p - 62. Let r(c) = -28*c**2 + 14*c + 31. Let k(s) = 2*d(s) + 5*r(s). Let a be k(8). Is 1/(a/381 + (-16)/(-4)) composite?
False
Let m = -340 - -328. Is (-36)/m*7959/9 a composite number?
True
Is 650084/(-6)*(-126)/84 a prime number?
False
Let t = -308 + 313. Is (-2)/(-5) - ((-12298)/t + 1) a composite number?
False
Let s(g) be the first derivative of -g**2/2 + 23*g - 43. Let o be s(19). Suppose 2*k - 3042 = o*t, -t = -k + 2*t + 1526. Is k a prime number?
True
Let v be ((-8427)/(-12))/(11/748). Suppose -3*i + 5*q + v = 0, q - 17342 = -3*i + 30387. Is i a prime number?
False
Let y be (-46 - -39) + -10*40. Let z = 2520 - y. Is z prime?
True
Suppose 43*q - 153935 = -42*q. Is q a prime number?
True
Let t = 91431 + 25024. Is t composite?
True
Let o = 31907 + -57261. Let f = o + 43127. Suppose -8*b = -b - f. Is b prime?
True
Let a(r) = -r**3 + 8*r**2 + 19*r + 12. Let f be a(10). Let j(h) = 379*h**2 - 7*h + 9. Is j(f) a composite number?
False
Suppose 27 = 4*u + 3*j, -4*u - 14*j = -9*j - 29. Suppose -2086 = -4*x - u*d + 7*d, -x + 523 = -d. Is x composite?
False
Let r be 1 + (-4 - -5)/1. Suppose -2248 - 798 = -r*c - v, 3*c = 4*v + 4558. Suppose -6*i - c = -8*i. Is i a composite number?
False
Is (-6)/8 + 12/78 + (-1271025)/(-156) a prime number?
True
Let d = 93 + -94. Is 79275/12 - d*3/4 composite?
False
Suppose -19 = -4*m + 25. Suppose 5*g = -10, 2*g + 7381 = -m*h + 14*h. Is h composite?
False
Let k = -139 + 160. Suppose k*a + 3070 - 9727 = 0. Is a a composite number?
False
Is 1114366 + (-6)/((-114)/(-95)) composite?
False
Suppose y = -m + 2836, -2*m + 3*m = 0. Suppose y = 4*v - 0*d + 5*d, 3*v + 2*d - 2120 = 0. Suppose w - p + 150 = v, -5*w + 2779 = -2*p. Is w prime?
True
Let p be (-36)/(-45)*(-1995)/(-6) + -3. Suppose -8*a = p - 27727. Is a a prime number?
True
Let d = 4 + -34. Let b = -25 - d. Suppose 1084 = 2*z - y, b*z - 4*z = 4*y + 549. Is z composite?
False
Suppose -4*s + c - 157427 = 2*c, 3*s - 2*c = -118073. Let o = -26564 - s. Is o a prime number?
False
Let q(w) = 7633*w**3 + 3*w**2 + 4*w - 7. Let d = -498 + 499. Is q(d) a prime number?
False
Suppose t + 14 = -5*x, -3*x - 3 = -4*t + 10. Let c(i) = 541*i**2 - 2*i - 14. Is c(x) composite?
False
Let q(l) = l**2 + 2*l - 41. Let o be q(6). Let x(r) = 168*r + 21. Let a be x(o). Let n = a + 268. Is n a composite number?
True
Let s(y) = -y**2 + 11*y + 12. Let z be s(12). Suppose z = 3*w + 3*a - 765 - 15735, 0 = a + 1. Is w a prime number?
True
Let i = 422480 + -267903. Is i a prime number?
False
Let o = 773 + -755. Suppose -5*y + o*y = 21346. Is y a prime number?
False
Let j = 359246 + -211393. Is j a prime number?
True
Suppose -679*b + 678*b + 5779 = 0. Let w = b - 3542. Is w composite?
False
Let s = -111832 + 210393. Is s a composite number?
False
Suppose 0 = -2*w + 2*a + 4916, 3*a = 284*w - 279*w - 12280. Is w a composite number?
True
Let t(c) = 2*c**3 - 14*c**2 - 18*c + 21. Let j be t(8). Suppose -4*v + 3654 = 2*a, -j*a - 3*v + 3373 = -5741. Is a a prime number?
False
Suppose -12*o + 38*o = 18*o + 148424. Is o a composite number?
False
Suppose -7*p + 4*p + 18 = 0. Suppose a = -4*m + 307, 4*m - 22 = -p. Is a a prime number?
False
Is 6470 + 28 + 16/(5 - 1) prime?
False
Suppose 4138 = -x + 822. Let n be (-1)/(-3) + x*(-3)/18. Suppose n = -6*m + 7*m. Is m a prime number?
False
Let u(d) = 5*d**2 - d + 1. Let s be u(-3). Suppose -3*c - s = -58. Suppose 0 = -c*j + 4*j - 4*x - 573, 3*j + 3*x - 1659 = 0. Is j composite?
False
Let c(m) = 4*m + 8. Let q be c(0). Suppose -23 + q = -5*x. Suppose -x*i = -0*i - 1137. Is i prime?
True
Suppose -89 + 96 = 7*h. Let s(i) = 8759*i - 24. Is s(h) a composite number?
True
Let f(g) = 6*g - 5 + 5*g - 2*g**2 - 9 + 3*g**2. Let t be f(-9). Let v = -1 - t. Is v prime?
True
Let y be ((-6 - -9) + -3)/((-6)/(-2)). Suppose -13*w + 2*r - 126 = -18*w, y = 5*w - r - 132. Is w prime?
False
Suppose -4*b + 5*q = -446514 - 452492, b - 224729 = 5*q. Is b a prime number?
True
Let j be 2/5*(-5)/(-2). Suppose 3*n - 16 + j = -b, 9 = 3*n - b. Suppose -12 = -4*q, -n*t + 3*q = -2*q - 861. Is t a composite number?
True
Let r = -6 + 27. Let v be ((-4)/7)/((-6)/r). Suppose 3*q - v*q = 269. Is q prime?
True
Suppose n - 2*n = -4*m + 10, -4*m = -4*n - 16. Let v(l) = 125*l**2 - 2*l - 5. Is v(n) a composite number?
False
Let w(a) = 1846*a + 567. Is w(10) prime?
False
Let n(p) = 8*p**3 + 8*p**2 + 34*p - 126. Let g(w) = 12*w**3 + 12*w**2 + 51*w - 190. Let l(h) = -5*g(h) + 8*n(h). Is l(13) prime?
False
Suppose -2*p - 3*s + 2192964 = 0, 4*p - 3*s - 4110373 = 275573. Suppose 14*g = -25*g + p. Is g prime?
False
Suppose 2*p + 6784 = -3*g, 0 = 4*p - g - 1593 + 15133. Is (32/32)/((-2)/p) composite?
False
Let g(l) = 6035*l + 3354. Is g(23) prime?
True
Let w(k) = 121*k - 15. Let l be w(-1). Is (l + 5)*-338 + (3 - 4) a composite number?
True
Let p(r) = -r - 22. Let j be p(13). Is 134/(-4)*-5*(-182)/j composite?
True
Suppose 2